{"id":6668,"date":"2021-07-23T12:04:54","date_gmt":"2021-07-23T10:04:54","guid":{"rendered":"https:\/\/lencadreurduparc.fr\/?post_type=product&#038;p=6668"},"modified":"2021-07-28T16:03:26","modified_gmt":"2021-07-28T14:03:26","slug":"kurt-mair-coquelicots","status":"publish","type":"product","link":"https:\/\/lencadreurduparc.fr\/index.php\/produit\/kurt-mair-coquelicots\/","title":{"rendered":"KURT MAIR &#8211; COQUELICOTS"},"content":{"rendered":"<p>Kurt Georg Mair est n\u00e9 en 1954 \u00e0 Mengen (W\u00fcrttemberg) en Allemagne. De 1978 \u00e0 1983, il suivra des \u00e9tudes artistiques \u00e0 l&rsquo;Ecole Sup\u00e9rieure de P\u00e9dagogie de L\u00f4rrach (Allemagne). Les quatre ann\u00e9es suivantes (1983-1987), Kurt Mair \u00e9tudie l&rsquo;histoire de l&rsquo;Art, l\u2019arch\u00e9ologie et la Japonologie \u00e0 l&rsquo;Universit\u00e9 Albert Ludwig de Fribourg (Allemagne). Il poursuivra son apprentissage, de1987 \u00e0 1990, \u00e0 l\u2019Ecole des Arts D\u00e9coratifs de Strasbourg, o\u00f9 il se sp\u00e9cialise dans les arts graphiques, \u00e9tudiant la gravure et la lithographie ; il y obtient son dipl\u00f4me.<\/p>\n<p>Sa premi\u00e8re exposition personnelle est organis\u00e9e \u00e0 Paris (Galerie Etienne de Caussans). Il travaille, d\u00e8s l\u2019ann\u00e9e suivante et pendant 5 ans, pour un atelier d\u2019art graphique \u00e0 Colmar (1991-1996). L\u2019artiste d\u00e9cide de s\u2019installer \u00e0 son compte \u00e0 partir de 1996, peignant d\u00e9sormais, gravant, dessinant sur la pierre lithographique dans son propre atelier.<\/p>\n<p>Depuis maintenant plus de 10 ans, Kurt Mair expose peintures et \u0153uvres graphiques tr\u00e8s r\u00e9guli\u00e8rement en Europe (France, Allemagne, Italie, Danemark, etc.) et en Indon\u00e9sie, expositions personnelles ou collectives. Sa palette de couleurs rappelle la Toscane, toute la douceur et la d\u00e9licatesse de l\u2019Italie, pays o\u00f9 vit et travaille aujourd\u2019hui l\u2019artiste (Savigliano).<\/p>\n<p>Dans l\u2019atelier de Kurt Mair, la vie silencieuse s\u2019\u00e9carte du monde sans s\u2019en d\u00e9tourner. Il y a dans l\u2019art de Kurt Mair des th\u00e8mes r\u00e9currents autour desquels l\u2019artiste a construit sa propre vision ; quelque soit la technique qu\u2019il utilise, l\u2019artiste laisse transpara\u00eetre son grand amour de la vie, avec raffinement, \u00e9motions et sentiments, entre amour et d\u00e9sarroi.<\/p>\n","protected":false},"excerpt":{"rendered":"<p>R\u00e9f. : EDP-MAI1-GRA-21-061<\/p>\n<p>Technique : Aquatinte<br \/>\nSupport \/ Mat\u00e9riaux : Rives<br \/>\nFormat : 65 x 50 cm<\/p>\n<p>Sign\u00e9 par l&rsquo;artiste<br \/>\nNum\u00e9rot\u00e9 (tirage \u00e0 60 exemplaires)<\/p>\n<p>Cadre \u00e0 coins bouch\u00e9s<br \/>\nVerre antireflet 99% qualit\u00e9 mus\u00e9e<br \/>\nDimensions : 68 x 77 cm<\/p>\n","protected":false},"featured_media":6669,"template":"","meta":[],"product_cat":[123],"product_tag":[161],"yoast_head":"<!-- This site is optimized with the Yoast SEO plugin v19.10 - https:\/\/yoast.com\/wordpress\/plugins\/seo\/ -->\n<title>KURT MAIR - COQUELICOTS - L&#039;Encadreur du Parc<\/title>\n<meta name=\"robots\" content=\"index, follow, max-snippet:-1, max-image-preview:large, max-video-preview:-1\" \/>\n<link rel=\"canonical\" href=\"https:\/\/lencadreurduparc.fr\/index.php\/produit\/kurt-mair-coquelicots\/\" \/>\n<meta property=\"og:locale\" content=\"fr_FR\" \/>\n<meta property=\"og:type\" content=\"article\" \/>\n<meta property=\"og:title\" content=\"KURT MAIR - COQUELICOTS - L&#039;Encadreur du Parc\" \/>\n<meta property=\"og:description\" content=\"R\u00e9f. : EDP-MAI1-GRA-21-061  Technique : Aquatinte Support \/ Mat\u00e9riaux : Rives Format : 65 x 50 cm  Sign\u00e9 par l&#039;artiste Num\u00e9rot\u00e9 (tirage \u00e0 60 exemplaires)  Cadre \u00e0 coins bouch\u00e9s Verre antireflet 99% qualit\u00e9 mus\u00e9e Dimensions : 68 x 77 cm\" \/>\n<meta property=\"og:url\" content=\"https:\/\/lencadreurduparc.fr\/index.php\/produit\/kurt-mair-coquelicots\/\" \/>\n<meta property=\"og:site_name\" content=\"L&#039;Encadreur du Parc\" \/>\n<meta property=\"article:modified_time\" content=\"2021-07-28T14:03:26+00:00\" \/>\n<meta property=\"og:image\" content=\"https:\/\/lencadreurduparc.fr\/wp-content\/uploads\/coquelicots-mair-gravure-encadrement.jpg\" \/>\n\t<meta property=\"og:image:width\" content=\"1439\" \/>\n\t<meta property=\"og:image:height\" content=\"1624\" \/>\n\t<meta property=\"og:image:type\" content=\"image\/jpeg\" \/>\n<meta name=\"twitter:card\" content=\"summary_large_image\" \/>\n<meta name=\"twitter:label1\" content=\"Dur\u00e9e de lecture estim\u00e9e\" \/>\n\t<meta name=\"twitter:data1\" content=\"2 minutes\" \/>\n<script type=\"application\/ld+json\" class=\"yoast-schema-graph\">{\"@context\":\"https:\/\/schema.org\",\"@graph\":[{\"@type\":\"WebPage\",\"@id\":\"https:\/\/lencadreurduparc.fr\/index.php\/produit\/kurt-mair-coquelicots\/\",\"url\":\"https:\/\/lencadreurduparc.fr\/index.php\/produit\/kurt-mair-coquelicots\/\",\"name\":\"KURT MAIR - COQUELICOTS - L&#039;Encadreur du Parc\",\"isPartOf\":{\"@id\":\"https:\/\/lencadreurduparc.fr\/#website\"},\"datePublished\":\"2021-07-23T10:04:54+00:00\",\"dateModified\":\"2021-07-28T14:03:26+00:00\",\"breadcrumb\":{\"@id\":\"https:\/\/lencadreurduparc.fr\/index.php\/produit\/kurt-mair-coquelicots\/#breadcrumb\"},\"inLanguage\":\"fr-FR\",\"potentialAction\":[{\"@type\":\"ReadAction\",\"target\":[\"https:\/\/lencadreurduparc.fr\/index.php\/produit\/kurt-mair-coquelicots\/\"]}]},{\"@type\":\"BreadcrumbList\",\"@id\":\"https:\/\/lencadreurduparc.fr\/index.php\/produit\/kurt-mair-coquelicots\/#breadcrumb\",\"itemListElement\":[{\"@type\":\"ListItem\",\"position\":1,\"name\":\"Accueil\",\"item\":\"https:\/\/lencadreurduparc.fr\/\"},{\"@type\":\"ListItem\",\"position\":2,\"name\":\"TOUTES LES OEUVRES\",\"item\":\"https:\/\/lencadreurduparc.fr\/index.php\/shop-catalogue-doeuvres\/\"},{\"@type\":\"ListItem\",\"position\":3,\"name\":\"KURT MAIR &#8211; COQUELICOTS\"}]},{\"@type\":\"WebSite\",\"@id\":\"https:\/\/lencadreurduparc.fr\/#website\",\"url\":\"https:\/\/lencadreurduparc.fr\/\",\"name\":\"L&#039;Encadreur du Parc\",\"description\":\"Notre savoir-faire artisanal au service de la mise en valeur de vos sujets\",\"potentialAction\":[{\"@type\":\"SearchAction\",\"target\":{\"@type\":\"EntryPoint\",\"urlTemplate\":\"https:\/\/lencadreurduparc.fr\/?s={search_term_string}\"},\"query-input\":\"required name=search_term_string\"}],\"inLanguage\":\"fr-FR\"}]}<\/script>\n<!-- \/ Yoast SEO plugin. -->","yoast_head_json":{"title":"KURT MAIR - COQUELICOTS - L&#039;Encadreur du Parc","robots":{"index":"index","follow":"follow","max-snippet":"max-snippet:-1","max-image-preview":"max-image-preview:large","max-video-preview":"max-video-preview:-1"},"canonical":"https:\/\/lencadreurduparc.fr\/index.php\/produit\/kurt-mair-coquelicots\/","og_locale":"fr_FR","og_type":"article","og_title":"KURT MAIR - COQUELICOTS - L&#039;Encadreur du Parc","og_description":"R\u00e9f. : EDP-MAI1-GRA-21-061  Technique : Aquatinte Support \/ Mat\u00e9riaux : Rives Format : 65 x 50 cm  Sign\u00e9 par l'artiste Num\u00e9rot\u00e9 (tirage \u00e0 60 exemplaires)  Cadre \u00e0 coins bouch\u00e9s Verre antireflet 99% qualit\u00e9 mus\u00e9e Dimensions : 68 x 77 cm","og_url":"https:\/\/lencadreurduparc.fr\/index.php\/produit\/kurt-mair-coquelicots\/","og_site_name":"L&#039;Encadreur du Parc","article_modified_time":"2021-07-28T14:03:26+00:00","og_image":[{"width":1439,"height":1624,"url":"https:\/\/lencadreurduparc.fr\/wp-content\/uploads\/coquelicots-mair-gravure-encadrement.jpg","type":"image\/jpeg"}],"twitter_card":"summary_large_image","twitter_misc":{"Dur\u00e9e de lecture estim\u00e9e":"2 minutes"},"schema":{"@context":"https:\/\/schema.org","@graph":[{"@type":"WebPage","@id":"https:\/\/lencadreurduparc.fr\/index.php\/produit\/kurt-mair-coquelicots\/","url":"https:\/\/lencadreurduparc.fr\/index.php\/produit\/kurt-mair-coquelicots\/","name":"KURT MAIR - COQUELICOTS - L&#039;Encadreur du Parc","isPartOf":{"@id":"https:\/\/lencadreurduparc.fr\/#website"},"datePublished":"2021-07-23T10:04:54+00:00","dateModified":"2021-07-28T14:03:26+00:00","breadcrumb":{"@id":"https:\/\/lencadreurduparc.fr\/index.php\/produit\/kurt-mair-coquelicots\/#breadcrumb"},"inLanguage":"fr-FR","potentialAction":[{"@type":"ReadAction","target":["https:\/\/lencadreurduparc.fr\/index.php\/produit\/kurt-mair-coquelicots\/"]}]},{"@type":"BreadcrumbList","@id":"https:\/\/lencadreurduparc.fr\/index.php\/produit\/kurt-mair-coquelicots\/#breadcrumb","itemListElement":[{"@type":"ListItem","position":1,"name":"Accueil","item":"https:\/\/lencadreurduparc.fr\/"},{"@type":"ListItem","position":2,"name":"TOUTES LES OEUVRES","item":"https:\/\/lencadreurduparc.fr\/index.php\/shop-catalogue-doeuvres\/"},{"@type":"ListItem","position":3,"name":"KURT MAIR &#8211; COQUELICOTS"}]},{"@type":"WebSite","@id":"https:\/\/lencadreurduparc.fr\/#website","url":"https:\/\/lencadreurduparc.fr\/","name":"L&#039;Encadreur du Parc","description":"Notre savoir-faire artisanal au service de la mise en valeur de vos sujets","potentialAction":[{"@type":"SearchAction","target":{"@type":"EntryPoint","urlTemplate":"https:\/\/lencadreurduparc.fr\/?s={search_term_string}"},"query-input":"required name=search_term_string"}],"inLanguage":"fr-FR"}]}},"_links":{"self":[{"href":"https:\/\/lencadreurduparc.fr\/index.php\/wp-json\/wp\/v2\/product\/6668"}],"collection":[{"href":"https:\/\/lencadreurduparc.fr\/index.php\/wp-json\/wp\/v2\/product"}],"about":[{"href":"https:\/\/lencadreurduparc.fr\/index.php\/wp-json\/wp\/v2\/types\/product"}],"wp:featuredmedia":[{"embeddable":true,"href":"https:\/\/lencadreurduparc.fr\/index.php\/wp-json\/wp\/v2\/media\/6669"}],"wp:attachment":[{"href":"https:\/\/lencadreurduparc.fr\/index.php\/wp-json\/wp\/v2\/media?parent=6668"}],"wp:term":[{"taxonomy":"product_cat","embeddable":true,"href":"https:\/\/lencadreurduparc.fr\/index.php\/wp-json\/wp\/v2\/product_cat?post=6668"},{"taxonomy":"product_tag","embeddable":true,"href":"https:\/\/lencadreurduparc.fr\/index.php\/wp-json\/wp\/v2\/product_tag?post=6668"}],"curies":[{"name":"wp","href":"https:\/\/api.w.org\/{rel}","templated":true}]}}

<p>Kurt Georg Mair est né en 1954 à Mengen (Württemberg) en Allemagne. De 1978 à 1983, il suivra des études artistiques à l&rsquo;Ecole Supérieure de Pédagogie de Lôrrach (Allemagne). Les quatre années suivantes (1983-1987), Kurt Mair étudie l&rsquo;histoire de l&rsquo;Art, l’archéologie et la Japonologie à l&rsquo;Université Albert Ludwig de Fribourg (Allemagne). Il poursuivra son apprentissage, de1987 à 1990, à l’Ecole des Arts Décoratifs de Strasbourg, où il se spécialise dans les arts graphiques, étudiant la gravure et la lithographie ; il y obtient son diplôme.</p>
<p>Sa première exposition personnelle est organisée à Paris (Galerie Etienne de Caussans). Il travaille, dès l’année suivante et pendant 5 ans, pour un atelier d’art graphique à Colmar (1991-1996). L’artiste décide de s’installer à son compte à partir de 1996, peignant désormais, gravant, dessinant sur la pierre lithographique dans son propre atelier.</p>
<p>Depuis maintenant plus de 10 ans, Kurt Mair expose peintures et œuvres graphiques très régulièrement en Europe (France, Allemagne, Italie, Danemark, etc.) et en Indonésie, expositions personnelles ou collectives. Sa palette de couleurs rappelle la Toscane, toute la douceur et la délicatesse de l’Italie, pays où vit et travaille aujourd’hui l’artiste (Savigliano).</p>
<p>Dans l’atelier de Kurt Mair, la vie silencieuse s’écarte du monde sans s’en détourner. Il y a dans l’art de Kurt Mair des thèmes récurrents autour desquels l’artiste a construit sa propre vision ; quelque soit la technique qu’il utilise, l’artiste laisse transparaître son grand amour de la vie, avec raffinement, émotions et sentiments, entre amour et désarroi.</p>

<p>Réf. : EDP-MAI1-GRA-21-061</p>
<p>Technique : Aquatinte<br />
Support / Matériaux : Rives<br />
Format : 65 x 50 cm</p>
<p>Signé par l&rsquo;artiste<br />
Numéroté (tirage à 60 exemplaires)</p>
<p>Cadre à coins bouchés<br />
Verre antireflet 99% qualité musée<br />
Dimensions : 68 x 77 cm</p>

<!-- This site is optimized with the Yoast SEO plugin v19.10 - https://yoast.com/wordpress/plugins/seo/ -->
<title>KURT MAIR - COQUELICOTS - L&#039;Encadreur du Parc</title>
<meta name="robots" content="index, follow, max-snippet:-1, max-image-preview:large, max-video-preview:-1" />
<link rel="canonical" href="https://lencadreurduparc.fr/index.php/produit/kurt-mair-coquelicots/" />
<meta property="og:locale" content="fr_FR" />
<meta property="og:type" content="article" />
<meta property="og:title" content="KURT MAIR - COQUELICOTS - L&#039;Encadreur du Parc" />
<meta property="og:description" content="Réf. : EDP-MAI1-GRA-21-061  Technique : Aquatinte Support / Matériaux : Rives Format : 65 x 50 cm  Signé par l&#039;artiste Numéroté (tirage à 60 exemplaires)  Cadre à coins bouchés Verre antireflet 99% qualité musée Dimensions : 68 x 77 cm" />
<meta property="og:url" content="https://lencadreurduparc.fr/index.php/produit/kurt-mair-coquelicots/" />
<meta property="og:site_name" content="L&#039;Encadreur du Parc" />
<meta property="article:modified_time" content="2021-07-28T14:03:26+00:00" />
<meta property="og:image" content="https://lencadreurduparc.fr/wp-content/uploads/coquelicots-mair-gravure-encadrement.jpg" />
	<meta property="og:image:width" content="1439" />
	<meta property="og:image:height" content="1624" />
	<meta property="og:image:type" content="image/jpeg" />
<meta name="twitter:card" content="summary_large_image" />
<meta name="twitter:label1" content="Durée de lecture estimée" />
	<meta name="twitter:data1" content="2 minutes" />
<script type="application/ld+json" class="yoast-schema-graph">{"@context":"https://schema.org","@graph":[{"@type":"WebPage","@id":"https://lencadreurduparc.fr/index.php/produit/kurt-mair-coquelicots/","url":"https://lencadreurduparc.fr/index.php/produit/kurt-mair-coquelicots/","name":"KURT MAIR - COQUELICOTS - L&#039;Encadreur du Parc","isPartOf":{"@id":"https://lencadreurduparc.fr/#website"},"datePublished":"2021-07-23T10:04:54+00:00","dateModified":"2021-07-28T14:03:26+00:00","breadcrumb":{"@id":"https://lencadreurduparc.fr/index.php/produit/kurt-mair-coquelicots/#breadcrumb"},"inLanguage":"fr-FR","potentialAction":[{"@type":"ReadAction","target":["https://lencadreurduparc.fr/index.php/produit/kurt-mair-coquelicots/"]}]},{"@type":"BreadcrumbList","@id":"https://lencadreurduparc.fr/index.php/produit/kurt-mair-coquelicots/#breadcrumb","itemListElement":[{"@type":"ListItem","position":1,"name":"Accueil","item":"https://lencadreurduparc.fr/"},{"@type":"ListItem","position":2,"name":"TOUTES LES OEUVRES","item":"https://lencadreurduparc.fr/index.php/shop-catalogue-doeuvres/"},{"@type":"ListItem","position":3,"name":"KURT MAIR &#8211; COQUELICOTS"}]},{"@type":"WebSite","@id":"https://lencadreurduparc.fr/#website","url":"https://lencadreurduparc.fr/","name":"L&#039;Encadreur du Parc","description":"Notre savoir-faire artisanal au service de la mise en valeur de vos sujets","potentialAction":[{"@type":"SearchAction","target":{"@type":"EntryPoint","urlTemplate":"https://lencadreurduparc.fr/?s={search_term_string}"},"query-input":"required name=search_term_string"}],"inLanguage":"fr-FR"}]}</script>
<!-- / Yoast SEO plugin. -->

Réf. : EDP-MAI1-GRA-21-061  Technique : Aquatinte Support / Matériaux : Rives Format : 65 x 50 cm  Signé par l'artiste Numéroté (tirage à 60 exemplaires)  Cadre à coins bouchés Verre antireflet 99% qualité musée Dimensions : 68 x 77 cm
