{"id":6620,"date":"2021-07-22T10:35:56","date_gmt":"2021-07-22T08:35:56","guid":{"rendered":"https:\/\/lencadreurduparc.fr\/?post_type=product&#038;p=6620"},"modified":"2021-07-22T12:34:18","modified_gmt":"2021-07-22T10:34:18","slug":"maire-leffet-papillon-cest-la-mort-de-la-chenille","status":"publish","type":"product","link":"https:\/\/lencadreurduparc.fr\/index.php\/produit\/maire-leffet-papillon-cest-la-mort-de-la-chenille\/","title":{"rendered":"MAIRE &#8211; L&rsquo;EFFET PAPILLON C&rsquo;EST LA MORT DE LA CHENILLE"},"content":{"rendered":"","protected":false},"excerpt":{"rendered":"<p>R\u00e9f. : EDP-MAI2-GRA-21-096<\/p>\n<p>Technique : Gravure<br \/>\nFormat : 45 x 32 cm<\/p>\n<p>Sign\u00e9 par l&rsquo;artiste<br \/>\nNum\u00e9rot\u00e9 (tirage \u00e0 50 exemplaires)<\/p>\n","protected":false},"featured_media":6621,"template":"","meta":[],"product_cat":[163],"product_tag":[],"yoast_head":"<!-- This site is optimized with the Yoast SEO plugin v19.10 - https:\/\/yoast.com\/wordpress\/plugins\/seo\/ -->\n<title>MAIRE - L&#039;EFFET PAPILLON C&#039;EST LA MORT DE LA CHENILLE - L&#039;Encadreur du Parc<\/title>\n<meta name=\"robots\" content=\"index, follow, max-snippet:-1, max-image-preview:large, max-video-preview:-1\" \/>\n<link rel=\"canonical\" href=\"https:\/\/lencadreurduparc.fr\/index.php\/produit\/maire-leffet-papillon-cest-la-mort-de-la-chenille\/\" \/>\n<meta property=\"og:locale\" content=\"fr_FR\" \/>\n<meta property=\"og:type\" content=\"article\" \/>\n<meta property=\"og:title\" content=\"MAIRE - L&#039;EFFET PAPILLON C&#039;EST LA MORT DE LA CHENILLE - L&#039;Encadreur du Parc\" \/>\n<meta property=\"og:description\" content=\"R\u00e9f. : EDP-MAI2-GRA-21-096  Technique : Gravure Format : 45 x 32 cm  Sign\u00e9 par l&#039;artiste Num\u00e9rot\u00e9 (tirage \u00e0 50 exemplaires)\" \/>\n<meta property=\"og:url\" content=\"https:\/\/lencadreurduparc.fr\/index.php\/produit\/maire-leffet-papillon-cest-la-mort-de-la-chenille\/\" \/>\n<meta property=\"og:site_name\" content=\"L&#039;Encadreur du Parc\" \/>\n<meta property=\"article:modified_time\" content=\"2021-07-22T10:34:18+00:00\" \/>\n<meta name=\"twitter:card\" content=\"summary_large_image\" \/>\n<meta name=\"twitter:image\" content=\"https:\/\/lencadreurduparc.fr\/wp-content\/uploads\/maire-effet-papillon-mort-chenille-gravure.jpg\" \/>\n<script type=\"application\/ld+json\" class=\"yoast-schema-graph\">{\"@context\":\"https:\/\/schema.org\",\"@graph\":[{\"@type\":\"WebPage\",\"@id\":\"https:\/\/lencadreurduparc.fr\/index.php\/produit\/maire-leffet-papillon-cest-la-mort-de-la-chenille\/\",\"url\":\"https:\/\/lencadreurduparc.fr\/index.php\/produit\/maire-leffet-papillon-cest-la-mort-de-la-chenille\/\",\"name\":\"MAIRE - L'EFFET PAPILLON C'EST LA MORT DE LA CHENILLE - L&#039;Encadreur du Parc\",\"isPartOf\":{\"@id\":\"https:\/\/lencadreurduparc.fr\/#website\"},\"datePublished\":\"2021-07-22T08:35:56+00:00\",\"dateModified\":\"2021-07-22T10:34:18+00:00\",\"breadcrumb\":{\"@id\":\"https:\/\/lencadreurduparc.fr\/index.php\/produit\/maire-leffet-papillon-cest-la-mort-de-la-chenille\/#breadcrumb\"},\"inLanguage\":\"fr-FR\",\"potentialAction\":[{\"@type\":\"ReadAction\",\"target\":[\"https:\/\/lencadreurduparc.fr\/index.php\/produit\/maire-leffet-papillon-cest-la-mort-de-la-chenille\/\"]}]},{\"@type\":\"BreadcrumbList\",\"@id\":\"https:\/\/lencadreurduparc.fr\/index.php\/produit\/maire-leffet-papillon-cest-la-mort-de-la-chenille\/#breadcrumb\",\"itemListElement\":[{\"@type\":\"ListItem\",\"position\":1,\"name\":\"Accueil\",\"item\":\"https:\/\/lencadreurduparc.fr\/\"},{\"@type\":\"ListItem\",\"position\":2,\"name\":\"TOUTES LES OEUVRES\",\"item\":\"https:\/\/lencadreurduparc.fr\/index.php\/shop-catalogue-doeuvres\/\"},{\"@type\":\"ListItem\",\"position\":3,\"name\":\"MAIRE &#8211; L&rsquo;EFFET PAPILLON C&rsquo;EST LA MORT DE LA CHENILLE\"}]},{\"@type\":\"WebSite\",\"@id\":\"https:\/\/lencadreurduparc.fr\/#website\",\"url\":\"https:\/\/lencadreurduparc.fr\/\",\"name\":\"L&#039;Encadreur du Parc\",\"description\":\"Notre savoir-faire artisanal au service de la mise en valeur de vos sujets\",\"potentialAction\":[{\"@type\":\"SearchAction\",\"target\":{\"@type\":\"EntryPoint\",\"urlTemplate\":\"https:\/\/lencadreurduparc.fr\/?s={search_term_string}\"},\"query-input\":\"required name=search_term_string\"}],\"inLanguage\":\"fr-FR\"}]}<\/script>\n<!-- \/ Yoast SEO plugin. -->","yoast_head_json":{"title":"MAIRE - L'EFFET PAPILLON C'EST LA MORT DE LA CHENILLE - L&#039;Encadreur du Parc","robots":{"index":"index","follow":"follow","max-snippet":"max-snippet:-1","max-image-preview":"max-image-preview:large","max-video-preview":"max-video-preview:-1"},"canonical":"https:\/\/lencadreurduparc.fr\/index.php\/produit\/maire-leffet-papillon-cest-la-mort-de-la-chenille\/","og_locale":"fr_FR","og_type":"article","og_title":"MAIRE - L'EFFET PAPILLON C'EST LA MORT DE LA CHENILLE - L&#039;Encadreur du Parc","og_description":"R\u00e9f. : EDP-MAI2-GRA-21-096  Technique : Gravure Format : 45 x 32 cm  Sign\u00e9 par l'artiste Num\u00e9rot\u00e9 (tirage \u00e0 50 exemplaires)","og_url":"https:\/\/lencadreurduparc.fr\/index.php\/produit\/maire-leffet-papillon-cest-la-mort-de-la-chenille\/","og_site_name":"L&#039;Encadreur du Parc","article_modified_time":"2021-07-22T10:34:18+00:00","twitter_card":"summary_large_image","twitter_image":"https:\/\/lencadreurduparc.fr\/wp-content\/uploads\/maire-effet-papillon-mort-chenille-gravure.jpg","schema":{"@context":"https:\/\/schema.org","@graph":[{"@type":"WebPage","@id":"https:\/\/lencadreurduparc.fr\/index.php\/produit\/maire-leffet-papillon-cest-la-mort-de-la-chenille\/","url":"https:\/\/lencadreurduparc.fr\/index.php\/produit\/maire-leffet-papillon-cest-la-mort-de-la-chenille\/","name":"MAIRE - L'EFFET PAPILLON C'EST LA MORT DE LA CHENILLE - L&#039;Encadreur du Parc","isPartOf":{"@id":"https:\/\/lencadreurduparc.fr\/#website"},"datePublished":"2021-07-22T08:35:56+00:00","dateModified":"2021-07-22T10:34:18+00:00","breadcrumb":{"@id":"https:\/\/lencadreurduparc.fr\/index.php\/produit\/maire-leffet-papillon-cest-la-mort-de-la-chenille\/#breadcrumb"},"inLanguage":"fr-FR","potentialAction":[{"@type":"ReadAction","target":["https:\/\/lencadreurduparc.fr\/index.php\/produit\/maire-leffet-papillon-cest-la-mort-de-la-chenille\/"]}]},{"@type":"BreadcrumbList","@id":"https:\/\/lencadreurduparc.fr\/index.php\/produit\/maire-leffet-papillon-cest-la-mort-de-la-chenille\/#breadcrumb","itemListElement":[{"@type":"ListItem","position":1,"name":"Accueil","item":"https:\/\/lencadreurduparc.fr\/"},{"@type":"ListItem","position":2,"name":"TOUTES LES OEUVRES","item":"https:\/\/lencadreurduparc.fr\/index.php\/shop-catalogue-doeuvres\/"},{"@type":"ListItem","position":3,"name":"MAIRE &#8211; L&rsquo;EFFET PAPILLON C&rsquo;EST LA MORT DE LA CHENILLE"}]},{"@type":"WebSite","@id":"https:\/\/lencadreurduparc.fr\/#website","url":"https:\/\/lencadreurduparc.fr\/","name":"L&#039;Encadreur du Parc","description":"Notre savoir-faire artisanal au service de la mise en valeur de vos sujets","potentialAction":[{"@type":"SearchAction","target":{"@type":"EntryPoint","urlTemplate":"https:\/\/lencadreurduparc.fr\/?s={search_term_string}"},"query-input":"required name=search_term_string"}],"inLanguage":"fr-FR"}]}},"_links":{"self":[{"href":"https:\/\/lencadreurduparc.fr\/index.php\/wp-json\/wp\/v2\/product\/6620"}],"collection":[{"href":"https:\/\/lencadreurduparc.fr\/index.php\/wp-json\/wp\/v2\/product"}],"about":[{"href":"https:\/\/lencadreurduparc.fr\/index.php\/wp-json\/wp\/v2\/types\/product"}],"wp:featuredmedia":[{"embeddable":true,"href":"https:\/\/lencadreurduparc.fr\/index.php\/wp-json\/wp\/v2\/media\/6621"}],"wp:attachment":[{"href":"https:\/\/lencadreurduparc.fr\/index.php\/wp-json\/wp\/v2\/media?parent=6620"}],"wp:term":[{"taxonomy":"product_cat","embeddable":true,"href":"https:\/\/lencadreurduparc.fr\/index.php\/wp-json\/wp\/v2\/product_cat?post=6620"},{"taxonomy":"product_tag","embeddable":true,"href":"https:\/\/lencadreurduparc.fr\/index.php\/wp-json\/wp\/v2\/product_tag?post=6620"}],"curies":[{"name":"wp","href":"https:\/\/api.w.org\/{rel}","templated":true}]}}