{"id":2359,"date":"2016-01-04T01:38:08","date_gmt":"2016-01-04T01:38:08","guid":{"rendered":"http:\/\/lencadreurduparc.fr\/index.php\/home-minimal\/"},"modified":"2023-08-24T16:32:49","modified_gmt":"2023-08-24T14:32:49","slug":"monsieurz","status":"publish","type":"page","link":"https:\/\/lencadreurduparc.fr\/index.php\/monsieurz\/","title":{"rendered":"Monsieur Z"},"content":{"rendered":"<p>[vc_row padding_top=\u00a0\u00bb20&Prime; padding_bottom=\u00a0\u00bb40&Prime; margin_bottom=\u00a0\u00bb0&Prime;][vc_column width=\u00a0\u00bb1\/4&Prime;]<div class=\"eut-element eut-box-icon eut-align-center eut-medium eut-animated-item eut-fadeInUp\" style=\"\" data-delay=\"400\"><div class=\"eut-wrapper-icon eut-no-shape eut-color-grey\"><i class=\"smp-icon-pencil eut-color-primary-1\"><\/i><\/div>  <div class=\"eut-box-content\">    <div class=\"eut-box-title-wrapper\">      <h5 class=\"eut-box-title\">Digigraphies num\u00e9rot\u00e9es et sign\u00e9es par Monsieur z<\/h5>    <\/div>  <\/div><\/div>[\/vc_column][vc_column width=\u00a0\u00bb1\/4&Prime;]<div class=\"eut-element eut-box-icon eut-align-center eut-medium eut-animated-item eut-fadeInUp\" style=\"\" data-delay=\"600\"><div class=\"eut-wrapper-icon eut-no-shape eut-color-grey\"><i class=\"smp-icon-layers eut-color-primary-1\"><\/i><\/div>  <div class=\"eut-box-content\">    <div class=\"eut-box-title-wrapper\">      <h5 class=\"eut-box-title\">Diff\u00e9rents formats \u00e0 partir de 90 \u20ac<\/h5>    <\/div>  <\/div><\/div>[\/vc_column][vc_column width=\u00a0\u00bb1\/4&Prime;]<div class=\"eut-element eut-box-icon eut-align-center eut-medium eut-animated-item eut-fadeInUp\" style=\"\" data-delay=\"800\"><div class=\"eut-wrapper-icon eut-no-shape eut-color-grey\"><i class=\"smp-icon-picture eut-color-primary-1\"><\/i><\/div>  <div class=\"eut-box-content\">    <div class=\"eut-box-title-wrapper\">      <h5 class=\"eut-box-title\">En Stock et sur commande<\/h5>    <\/div>  <\/div><\/div>[\/vc_column][vc_column width=\u00a0\u00bb1\/4&Prime;]<div class=\"eut-element eut-box-icon eut-align-center eut-medium eut-animated-item eut-fadeInUp\" style=\"\" data-delay=\"800\"><div class=\"eut-wrapper-icon eut-no-shape eut-color-grey\"><i class=\"smp-icon-badge eut-color-primary-1\"><\/i><\/div>  <div class=\"eut-box-content\">    <div class=\"eut-box-title-wrapper\">      <h5 class=\"eut-box-title\">Exclusivit\u00e9 sur Lyon<\/h5>    <\/div>  <\/div><\/div>[\/vc_column][\/vc_row][vc_row][vc_column width=\u00a0\u00bb2\/5&Prime;][vc_empty_space][\/vc_column][vc_column width=\u00a0\u00bb1\/5&Prime;][vc_btn title=\u00a0\u00bbAcc\u00e8s au site Monsieur Z\u00a0\u00bb link=\u00a0\u00bburl:https%3A%2F%2Fmonsieurz.com%2F%3Fno-animation%3Dtrue|target:_blank\u00a0\u00bb][\/vc_column][vc_column width=\u00a0\u00bb2\/5&Prime;][vc_empty_space][\/vc_column][\/vc_row]<\/p>\n","protected":false},"excerpt":{"rendered":"<p>[vc_row padding_top=\u00a0\u00bb20&Prime; padding_bottom=\u00a0\u00bb40&Prime; margin_bottom=\u00a0\u00bb0&Prime;][vc_column width=\u00a0\u00bb1\/4&Prime;][\/vc_column][vc_column width=\u00a0\u00bb1\/4&Prime;][\/vc_column][vc_column width=\u00a0\u00bb1\/4&Prime;][\/vc_column][vc_column width=\u00a0\u00bb1\/4&Prime;][\/vc_column][\/vc_row][vc_row][vc_column width=\u00a0\u00bb2\/5&Prime;][vc_empty_space][\/vc_column][vc_column width=\u00a0\u00bb1\/5&Prime;][vc_btn title=\u00a0\u00bbAcc\u00e8s au site Monsieur Z\u00a0\u00bb link=\u00a0\u00bburl:https%3A%2F%2Fmonsieurz.com%2F%3Fno-animation%3Dtrue|target:_blank\u00a0\u00bb][\/vc_column][vc_column width=\u00a0\u00bb2\/5&Prime;][vc_empty_space][\/vc_column][\/vc_row]<\/p>\n","protected":false},"author":1,"featured_media":0,"parent":0,"menu_order":0,"comment_status":"closed","ping_status":"closed","template":"","meta":[],"yoast_head":"<!-- This site is optimized with the Yoast SEO plugin v19.10 - https:\/\/yoast.com\/wordpress\/plugins\/seo\/ -->\n<title>Monsieur Z - L&#039;Encadreur du Parc<\/title>\n<meta name=\"robots\" content=\"index, follow, max-snippet:-1, max-image-preview:large, max-video-preview:-1\" \/>\n<link rel=\"canonical\" href=\"https:\/\/lencadreurduparc.fr\/index.php\/monsieurz\/\" \/>\n<meta property=\"og:locale\" content=\"fr_FR\" \/>\n<meta property=\"og:type\" content=\"article\" \/>\n<meta property=\"og:title\" content=\"Monsieur Z - L&#039;Encadreur du Parc\" \/>\n<meta property=\"og:description\" content=\"[vc_row padding_top=\u00a0\u00bb20&Prime; padding_bottom=\u00a0\u00bb40&Prime; margin_bottom=\u00a0\u00bb0&Prime;][vc_column width=\u00a0\u00bb1\/4&Prime;][\/vc_column][vc_column width=\u00a0\u00bb1\/4&Prime;][\/vc_column][vc_column width=\u00a0\u00bb1\/4&Prime;][\/vc_column][vc_column width=\u00a0\u00bb1\/4&Prime;][\/vc_column][\/vc_row][vc_row][vc_column width=\u00a0\u00bb2\/5&Prime;][vc_empty_space][\/vc_column][vc_column width=\u00a0\u00bb1\/5&Prime;][vc_btn title=\u00a0\u00bbAcc\u00e8s au site Monsieur Z\u00a0\u00bb link=\u00a0\u00bburl:https%3A%2F%2Fmonsieurz.com%2F%3Fno-animation%3Dtrue|target:_blank\u00a0\u00bb][\/vc_column][vc_column width=\u00a0\u00bb2\/5&Prime;][vc_empty_space][\/vc_column][\/vc_row]\" \/>\n<meta property=\"og:url\" content=\"https:\/\/lencadreurduparc.fr\/index.php\/monsieurz\/\" \/>\n<meta property=\"og:site_name\" content=\"L&#039;Encadreur du Parc\" \/>\n<meta property=\"article:modified_time\" content=\"2023-08-24T14:32:49+00:00\" \/>\n<meta name=\"twitter:card\" content=\"summary_large_image\" \/>\n<meta name=\"twitter:label1\" content=\"Dur\u00e9e de lecture estim\u00e9e\" \/>\n\t<meta name=\"twitter:data1\" content=\"1 minute\" \/>\n<script type=\"application\/ld+json\" class=\"yoast-schema-graph\">{\"@context\":\"https:\/\/schema.org\",\"@graph\":[{\"@type\":\"WebPage\",\"@id\":\"https:\/\/lencadreurduparc.fr\/index.php\/monsieurz\/\",\"url\":\"https:\/\/lencadreurduparc.fr\/index.php\/monsieurz\/\",\"name\":\"Monsieur Z - L&#039;Encadreur du Parc\",\"isPartOf\":{\"@id\":\"https:\/\/lencadreurduparc.fr\/#website\"},\"datePublished\":\"2016-01-04T01:38:08+00:00\",\"dateModified\":\"2023-08-24T14:32:49+00:00\",\"breadcrumb\":{\"@id\":\"https:\/\/lencadreurduparc.fr\/index.php\/monsieurz\/#breadcrumb\"},\"inLanguage\":\"fr-FR\",\"potentialAction\":[{\"@type\":\"ReadAction\",\"target\":[\"https:\/\/lencadreurduparc.fr\/index.php\/monsieurz\/\"]}]},{\"@type\":\"BreadcrumbList\",\"@id\":\"https:\/\/lencadreurduparc.fr\/index.php\/monsieurz\/#breadcrumb\",\"itemListElement\":[{\"@type\":\"ListItem\",\"position\":1,\"name\":\"Accueil\",\"item\":\"https:\/\/lencadreurduparc.fr\/\"},{\"@type\":\"ListItem\",\"position\":2,\"name\":\"Monsieur Z\"}]},{\"@type\":\"WebSite\",\"@id\":\"https:\/\/lencadreurduparc.fr\/#website\",\"url\":\"https:\/\/lencadreurduparc.fr\/\",\"name\":\"L&#039;Encadreur du Parc\",\"description\":\"Notre savoir-faire artisanal au service de la mise en valeur de vos sujets\",\"potentialAction\":[{\"@type\":\"SearchAction\",\"target\":{\"@type\":\"EntryPoint\",\"urlTemplate\":\"https:\/\/lencadreurduparc.fr\/?s={search_term_string}\"},\"query-input\":\"required name=search_term_string\"}],\"inLanguage\":\"fr-FR\"}]}<\/script>\n<!-- \/ Yoast SEO plugin. -->","yoast_head_json":{"title":"Monsieur Z - L&#039;Encadreur du Parc","robots":{"index":"index","follow":"follow","max-snippet":"max-snippet:-1","max-image-preview":"max-image-preview:large","max-video-preview":"max-video-preview:-1"},"canonical":"https:\/\/lencadreurduparc.fr\/index.php\/monsieurz\/","og_locale":"fr_FR","og_type":"article","og_title":"Monsieur Z - L&#039;Encadreur du Parc","og_description":"[vc_row padding_top=\u00a0\u00bb20&Prime; padding_bottom=\u00a0\u00bb40&Prime; margin_bottom=\u00a0\u00bb0&Prime;][vc_column width=\u00a0\u00bb1\/4&Prime;][\/vc_column][vc_column width=\u00a0\u00bb1\/4&Prime;][\/vc_column][vc_column width=\u00a0\u00bb1\/4&Prime;][\/vc_column][vc_column width=\u00a0\u00bb1\/4&Prime;][\/vc_column][\/vc_row][vc_row][vc_column width=\u00a0\u00bb2\/5&Prime;][vc_empty_space][\/vc_column][vc_column width=\u00a0\u00bb1\/5&Prime;][vc_btn title=\u00a0\u00bbAcc\u00e8s au site Monsieur Z\u00a0\u00bb link=\u00a0\u00bburl:https%3A%2F%2Fmonsieurz.com%2F%3Fno-animation%3Dtrue|target:_blank\u00a0\u00bb][\/vc_column][vc_column width=\u00a0\u00bb2\/5&Prime;][vc_empty_space][\/vc_column][\/vc_row]","og_url":"https:\/\/lencadreurduparc.fr\/index.php\/monsieurz\/","og_site_name":"L&#039;Encadreur du Parc","article_modified_time":"2023-08-24T14:32:49+00:00","twitter_card":"summary_large_image","twitter_misc":{"Dur\u00e9e de lecture estim\u00e9e":"1 minute"},"schema":{"@context":"https:\/\/schema.org","@graph":[{"@type":"WebPage","@id":"https:\/\/lencadreurduparc.fr\/index.php\/monsieurz\/","url":"https:\/\/lencadreurduparc.fr\/index.php\/monsieurz\/","name":"Monsieur Z - L&#039;Encadreur du Parc","isPartOf":{"@id":"https:\/\/lencadreurduparc.fr\/#website"},"datePublished":"2016-01-04T01:38:08+00:00","dateModified":"2023-08-24T14:32:49+00:00","breadcrumb":{"@id":"https:\/\/lencadreurduparc.fr\/index.php\/monsieurz\/#breadcrumb"},"inLanguage":"fr-FR","potentialAction":[{"@type":"ReadAction","target":["https:\/\/lencadreurduparc.fr\/index.php\/monsieurz\/"]}]},{"@type":"BreadcrumbList","@id":"https:\/\/lencadreurduparc.fr\/index.php\/monsieurz\/#breadcrumb","itemListElement":[{"@type":"ListItem","position":1,"name":"Accueil","item":"https:\/\/lencadreurduparc.fr\/"},{"@type":"ListItem","position":2,"name":"Monsieur Z"}]},{"@type":"WebSite","@id":"https:\/\/lencadreurduparc.fr\/#website","url":"https:\/\/lencadreurduparc.fr\/","name":"L&#039;Encadreur du Parc","description":"Notre savoir-faire artisanal au service de la mise en valeur de vos sujets","potentialAction":[{"@type":"SearchAction","target":{"@type":"EntryPoint","urlTemplate":"https:\/\/lencadreurduparc.fr\/?s={search_term_string}"},"query-input":"required name=search_term_string"}],"inLanguage":"fr-FR"}]}},"_links":{"self":[{"href":"https:\/\/lencadreurduparc.fr\/index.php\/wp-json\/wp\/v2\/pages\/2359"}],"collection":[{"href":"https:\/\/lencadreurduparc.fr\/index.php\/wp-json\/wp\/v2\/pages"}],"about":[{"href":"https:\/\/lencadreurduparc.fr\/index.php\/wp-json\/wp\/v2\/types\/page"}],"author":[{"embeddable":true,"href":"https:\/\/lencadreurduparc.fr\/index.php\/wp-json\/wp\/v2\/users\/1"}],"replies":[{"embeddable":true,"href":"https:\/\/lencadreurduparc.fr\/index.php\/wp-json\/wp\/v2\/comments?post=2359"}],"version-history":[{"count":10,"href":"https:\/\/lencadreurduparc.fr\/index.php\/wp-json\/wp\/v2\/pages\/2359\/revisions"}],"predecessor-version":[{"id":6820,"href":"https:\/\/lencadreurduparc.fr\/index.php\/wp-json\/wp\/v2\/pages\/2359\/revisions\/6820"}],"wp:attachment":[{"href":"https:\/\/lencadreurduparc.fr\/index.php\/wp-json\/wp\/v2\/media?parent=2359"}],"curies":[{"name":"wp","href":"https:\/\/api.w.org\/{rel}","templated":true}]}}